{"id":2487,"date":"2020-09-30T20:18:26","date_gmt":"2020-10-01T00:18:26","guid":{"rendered":"http:\/\/manoirdauteuil.com\/the-parlaiment-hill\/"},"modified":"2023-05-01T10:35:48","modified_gmt":"2023-05-01T14:35:48","slug":"colline-parlementaire","status":"publish","type":"page","link":"https:\/\/www.manoirdauteuil.com\/fr\/colline-parlementaire\/","title":{"rendered":"La Colline Parlementaire"},"content":{"rendered":"<div class=\"wpb-content-wrapper\"><p>[vc_row css_animation=\u00a0\u00bb\u00a0\u00bb row_type=\u00a0\u00bbrow\u00a0\u00bb use_row_as_full_screen_section=\u00a0\u00bbno\u00a0\u00bb type=\u00a0\u00bbfull_width\u00a0\u00bb angled_section=\u00a0\u00bbno\u00a0\u00bb text_align=\u00a0\u00bbleft\u00a0\u00bb background_image_as_pattern=\u00a0\u00bbwithout_pattern\u00a0\u00bb css=\u00a0\u00bb.vc_custom_1601511118262{margin-top: -20px !important;background-image: url(https:\/\/manoirdauteuil.com\/wp-content\/uploads\/2018\/01\/background-lines.png?id=104) !important;}\u00a0\u00bb z_index=\u00a0\u00bb\u00a0\u00bb][vc_column][vc_row_inner row_type=\u00a0\u00bbrow\u00a0\u00bb type=\u00a0\u00bbgrid\u00a0\u00bb text_align=\u00a0\u00bbleft\u00a0\u00bb css_animation=\u00a0\u00bb\u00a0\u00bb][vc_column_inner][vc_column_text css=\u00a0\u00bb.vc_custom_1615356722254{padding-top: 50px !important;padding-bottom: 30px !important;}\u00a0\u00bb]<\/p>\n<h2 style=\"text-align: center;\">LA COLLINE PARLEMERNTAIRE QU\u00c9BEC<\/h2>\n<p>[\/vc_column_text][vc_single_image image=\u00a0\u00bb1859&Prime; img_size=\u00a0\u00bbfull\u00a0\u00bb alignment=\u00a0\u00bbcenter\u00a0\u00bb qode_css_animation=\u00a0\u00bb\u00a0\u00bb][vc_column_text css=\u00a0\u00bb.vc_custom_1615357279843{padding-top: 30px !important;}\u00a0\u00bb]<span class=\"VIiyi\" lang=\"fr\"><span class=\"JLqJ4b ChMk0b\" data-language-for-alternatives=\"fr\" data-language-to-translate-into=\"en\" data-phrase-index=\"0\">Bienvenue \u00e0 la Capitale Nationale!<\/span> <span class=\"JLqJ4b ChMk0b\" data-language-for-alternatives=\"fr\" data-language-to-translate-into=\"en\" data-phrase-index=\"1\">La ville de Qu\u00e9bec est la capitale de la province de Qu\u00e9bec.<\/span> <span class=\"JLqJ4b ChMk0b\" data-language-for-alternatives=\"fr\" data-language-to-translate-into=\"en\" data-phrase-index=\"2\">Si\u00e8ge du <a href=\"https:\/\/en.wikipedia.org\/wiki\/Parliament_of_Quebec\" target=\"_blank\" rel=\"noopener\">Parlement du Qu\u00e9bec<\/a>, le <a href=\"https:\/\/en.wikipedia.org\/wiki\/Lieutenant-Governor_of_Quebec\" target=\"_blank\" rel=\"noopener\">lieutenant-gouverneur<\/a> et l&rsquo;<a href=\"https:\/\/en.wikipedia.org\/wiki\/National_Assembly_of_Quebec\" target=\"_blank\" rel=\"noopener\">Assembl\u00e9e nationale<\/a> se r\u00e9unissent ici.<\/span> <span class=\"JLqJ4b ChMk0b\" data-language-for-alternatives=\"fr\" data-language-to-translate-into=\"en\" data-phrase-index=\"3\">Le b\u00e2timent a \u00e9t\u00e9 con\u00e7u par l&rsquo;architecte <a href=\"https:\/\/en.wikipedia.org\/wiki\/Eug%C3%A8ne-%C3%89tienne_Tach%C3%A9\" target=\"_blank\" rel=\"noopener\">Eug\u00e8ne-\u00c9tienne Tach\u00e9<\/a> et a \u00e9t\u00e9 construit entre 1877 \u00e0 1886. En 2019, le gouvernement a achev\u00e9 un centre d&rsquo;accueil permettant \u00e0 tous d&rsquo;acc\u00e9der et de visiter cette majestueuse installation.<\/span> <span class=\"JLqJ4b ChMk0b\" data-language-for-alternatives=\"fr\" data-language-to-translate-into=\"en\" data-phrase-index=\"4\">Les visites sont gratuites, mais n\u00e9cessitent une r\u00e9servation.<\/span> <span class=\"JLqJ4b ChMk0b\" data-language-for-alternatives=\"fr\" data-language-to-translate-into=\"en\" data-phrase-index=\"5\">Veuillez vous assurer d&rsquo;apporter une pi\u00e8ce d&rsquo;identit\u00e9 \u00e9mise par le gouvernement \u00e0 pr\u00e9senter \u00e0 l&rsquo;arriv\u00e9e.<\/span><\/span><\/p>\n<p>&nbsp;<\/p>\n<p><span class=\"VIiyi\" lang=\"fr\"><span class=\"JLqJ4b ChMk0b\" data-language-for-alternatives=\"fr\" data-language-to-translate-into=\"en\" data-phrase-index=\"0\">La colline est magnifiquement am\u00e9nag\u00e9e avec des jardins et des fleurs, un vrai r\u00e9gal horticole.<\/span> <span class=\"JLqJ4b ChMk0b\" data-language-for-alternatives=\"fr\" data-language-to-translate-into=\"en\" data-phrase-index=\"1\">Dans la soir\u00e9e, les 26 statues sur le terrain ainsi la fa\u00e7ade du b\u00e2timent sont illumin\u00e9es, ce qui permet une fantastique s\u00e9ance de photos.<\/span> <span class=\"JLqJ4b ChMk0b\" data-language-for-alternatives=\"fr\" data-language-to-translate-into=\"en\" data-phrase-index=\"2\">L&rsquo;un des attributs uniques de cet \u00e9difice gouvernemental est que les citoyens ont \u00e9galement un acc\u00e8s aux terrains.<\/span><\/span><\/p>\n<p>&nbsp;<\/p>\n<p><span class=\"VIiyi\" lang=\"fr\"><span class=\"JLqJ4b ChMk0b\" data-language-for-alternatives=\"fr\" data-language-to-translate-into=\"en\" data-phrase-index=\"0\">Le parlement se retrouve de l\u2019autre c\u00f4t\u00e9 des fortifications en face du Manoir d\u2019Auteuil. Nous vous recommandons vivement de vous r\u00e9server quelques heures pour visiter cette installation historique.<\/span> <span class=\"JLqJ4b ChMk0b\" data-language-for-alternatives=\"fr\" data-language-to-translate-into=\"en\" data-phrase-index=\"1\">Si vous pr\u00e9voyez votre moment sur l&rsquo;heure du lunch, le Restaurant Parlementaire est un bon endroit pour casser la croute.<\/span> <span class=\"JLqJ4b ChMk0b\" data-language-for-alternatives=\"fr\" data-language-to-translate-into=\"en\" data-phrase-index=\"2\">Celui-ci est situ\u00e9 dans la cour int\u00e9rieure de l\u2019\u00e9difice du Parlement. Le restaurant offre une exp\u00e9rience culinaire sans pr\u00e9c\u00e9dent mettant en vedette des produits locaux, souvent issus de ses propres jardins d\u2019herbes, de fruits et de l\u00e9gumes.<\/span> <span class=\"JLqJ4b ChMk0b\" data-language-for-alternatives=\"fr\" data-language-to-translate-into=\"en\" data-phrase-index=\"3\">On y retrouve \u00e9galement du miel de leurs ruches.<\/span> <span class=\"JLqJ4b ChMk0b\" data-language-for-alternatives=\"fr\" data-language-to-translate-into=\"en\" data-phrase-index=\"4\">Le Parlementaire est reconnu par le programme \u00abAliments du Qu\u00e9bec au menu\u00bb pour son engagement envers les mets du terroir.<\/span> <span class=\"JLqJ4b ChMk0b\" data-language-for-alternatives=\"fr\" data-language-to-translate-into=\"en\" data-phrase-index=\"5\">C\u2019est un incontournable lors de votre s\u00e9jour au Manoir d\u2019Auteuil.<\/span><\/span><\/p>\n<p>[\/vc_column_text][vc_empty_space height=\u00a0\u00bb62px\u00a0\u00bb][\/vc_column_inner][\/vc_row_inner][\/vc_column][\/vc_row]<\/p><\/div>","protected":false},"excerpt":{"rendered":"<p>[vc_row css_animation=\u00a0\u00bb\u00a0\u00bb row_type=\u00a0\u00bbrow\u00a0\u00bb use_row_as_full_screen_section=\u00a0\u00bbno\u00a0\u00bb type=\u00a0\u00bbfull_width\u00a0\u00bb angled_section=\u00a0\u00bbno\u00a0\u00bb text_align=\u00a0\u00bbleft\u00a0\u00bb background_image_as_pattern=\u00a0\u00bbwithout_pattern\u00a0\u00bb css=\u00a0\u00bb.vc_custom_1601511118262{margin-top: -20px !important;background-image: url(https:\/\/manoirdauteuil.com\/wp-content\/uploads\/2018\/01\/background-lines.png?id=104) !important;}\u00a0\u00bb z_index=\u00a0\u00bb\u00a0\u00bb][vc_column][vc_row_inner row_type=\u00a0\u00bbrow\u00a0\u00bb type=\u00a0\u00bbgrid\u00a0\u00bb text_align=\u00a0\u00bbleft\u00a0\u00bb css_animation=\u00a0\u00bb\u00a0\u00bb][vc_column_inner][vc_column_text css=\u00a0\u00bb.vc_custom_1615356722254{padding-top: 50px !important;padding-bottom: 30px !important;}\u00a0\u00bb] LA COLLINE PARLEMERNTAIRE QU\u00c9BEC [\/vc_column_text][vc_single_image image=\u00a0\u00bb1859&Prime; img_size=\u00a0\u00bbfull\u00a0\u00bb alignment=\u00a0\u00bbcenter\u00a0\u00bb qode_css_animation=\u00a0\u00bb\u00a0\u00bb][vc_column_text css=\u00a0\u00bb.vc_custom_1615357279843{padding-top: 30px !important;}\u00a0\u00bb]Bienvenue \u00e0 la Capitale Nationale! La ville de Qu\u00e9bec est la&#8230;<\/p>\n","protected":false},"author":1,"featured_media":0,"parent":0,"menu_order":0,"comment_status":"closed","ping_status":"closed","template":"full_width.php","meta":{"footnotes":""},"class_list":["post-2487","page","type-page","status-publish","hentry"],"_links":{"self":[{"href":"https:\/\/www.manoirdauteuil.com\/fr\/wp-json\/wp\/v2\/pages\/2487","targetHints":{"allow":["GET"]}}],"collection":[{"href":"https:\/\/www.manoirdauteuil.com\/fr\/wp-json\/wp\/v2\/pages"}],"about":[{"href":"https:\/\/www.manoirdauteuil.com\/fr\/wp-json\/wp\/v2\/types\/page"}],"author":[{"embeddable":true,"href":"https:\/\/www.manoirdauteuil.com\/fr\/wp-json\/wp\/v2\/users\/1"}],"replies":[{"embeddable":true,"href":"https:\/\/www.manoirdauteuil.com\/fr\/wp-json\/wp\/v2\/comments?post=2487"}],"version-history":[{"count":8,"href":"https:\/\/www.manoirdauteuil.com\/fr\/wp-json\/wp\/v2\/pages\/2487\/revisions"}],"predecessor-version":[{"id":6544,"href":"https:\/\/www.manoirdauteuil.com\/fr\/wp-json\/wp\/v2\/pages\/2487\/revisions\/6544"}],"wp:attachment":[{"href":"https:\/\/www.manoirdauteuil.com\/fr\/wp-json\/wp\/v2\/media?parent=2487"}],"curies":[{"name":"wp","href":"https:\/\/api.w.org\/{rel}","templated":true}]}}

<div class="wpb-content-wrapper"><p>[vc_row css_animation= » » row_type= »row » use_row_as_full_screen_section= »no » type= »full_width » angled_section= »no » text_align= »left » background_image_as_pattern= »without_pattern » css= ».vc_custom_1601511118262{margin-top: -20px !important;background-image: url(https://manoirdauteuil.com/wp-content/uploads/2018/01/background-lines.png?id=104) !important;} » z_index= » »][vc_column][vc_row_inner row_type= »row » type= »grid » text_align= »left » css_animation= » »][vc_column_inner][vc_column_text css= ».vc_custom_1615356722254{padding-top: 50px !important;padding-bottom: 30px !important;} »]</p>
<h2 style="text-align: center;">LA COLLINE PARLEMERNTAIRE QUÉBEC</h2>
<p>[/vc_column_text][vc_single_image image= »1859&Prime; img_size= »full » alignment= »center » qode_css_animation= » »][vc_column_text css= ».vc_custom_1615357279843{padding-top: 30px !important;} »]<span class="VIiyi" lang="fr"><span class="JLqJ4b ChMk0b" data-language-for-alternatives="fr" data-language-to-translate-into="en" data-phrase-index="0">Bienvenue à la Capitale Nationale!</span> <span class="JLqJ4b ChMk0b" data-language-for-alternatives="fr" data-language-to-translate-into="en" data-phrase-index="1">La ville de Québec est la capitale de la province de Québec.</span> <span class="JLqJ4b ChMk0b" data-language-for-alternatives="fr" data-language-to-translate-into="en" data-phrase-index="2">Siège du <a href="https://en.wikipedia.org/wiki/Parliament_of_Quebec" target="_blank" rel="noopener">Parlement du Québec</a>, le <a href="https://en.wikipedia.org/wiki/Lieutenant-Governor_of_Quebec" target="_blank" rel="noopener">lieutenant-gouverneur</a> et l&rsquo;<a href="https://en.wikipedia.org/wiki/National_Assembly_of_Quebec" target="_blank" rel="noopener">Assemblée nationale</a> se réunissent ici.</span> <span class="JLqJ4b ChMk0b" data-language-for-alternatives="fr" data-language-to-translate-into="en" data-phrase-index="3">Le bâtiment a été conçu par l&rsquo;architecte <a href="https://en.wikipedia.org/wiki/Eug%C3%A8ne-%C3%89tienne_Tach%C3%A9" target="_blank" rel="noopener">Eugène-Étienne Taché</a> et a été construit entre 1877 à 1886. En 2019, le gouvernement a achevé un centre d&rsquo;accueil permettant à tous d&rsquo;accéder et de visiter cette majestueuse installation.</span> <span class="JLqJ4b ChMk0b" data-language-for-alternatives="fr" data-language-to-translate-into="en" data-phrase-index="4">Les visites sont gratuites, mais nécessitent une réservation.</span> <span class="JLqJ4b ChMk0b" data-language-for-alternatives="fr" data-language-to-translate-into="en" data-phrase-index="5">Veuillez vous assurer d&rsquo;apporter une pièce d&rsquo;identité émise par le gouvernement à présenter à l&rsquo;arrivée.</span></span></p>
<p>&nbsp;</p>
<p><span class="VIiyi" lang="fr"><span class="JLqJ4b ChMk0b" data-language-for-alternatives="fr" data-language-to-translate-into="en" data-phrase-index="0">La colline est magnifiquement aménagée avec des jardins et des fleurs, un vrai régal horticole.</span> <span class="JLqJ4b ChMk0b" data-language-for-alternatives="fr" data-language-to-translate-into="en" data-phrase-index="1">Dans la soirée, les 26 statues sur le terrain ainsi la façade du bâtiment sont illuminées, ce qui permet une fantastique séance de photos.</span> <span class="JLqJ4b ChMk0b" data-language-for-alternatives="fr" data-language-to-translate-into="en" data-phrase-index="2">L&rsquo;un des attributs uniques de cet édifice gouvernemental est que les citoyens ont également un accès aux terrains.</span></span></p>
<p>&nbsp;</p>
<p><span class="VIiyi" lang="fr"><span class="JLqJ4b ChMk0b" data-language-for-alternatives="fr" data-language-to-translate-into="en" data-phrase-index="0">Le parlement se retrouve de l’autre côté des fortifications en face du Manoir d’Auteuil. Nous vous recommandons vivement de vous réserver quelques heures pour visiter cette installation historique.</span> <span class="JLqJ4b ChMk0b" data-language-for-alternatives="fr" data-language-to-translate-into="en" data-phrase-index="1">Si vous prévoyez votre moment sur l&rsquo;heure du lunch, le Restaurant Parlementaire est un bon endroit pour casser la croute.</span> <span class="JLqJ4b ChMk0b" data-language-for-alternatives="fr" data-language-to-translate-into="en" data-phrase-index="2">Celui-ci est situé dans la cour intérieure de l’édifice du Parlement. Le restaurant offre une expérience culinaire sans précédent mettant en vedette des produits locaux, souvent issus de ses propres jardins d’herbes, de fruits et de légumes.</span> <span class="JLqJ4b ChMk0b" data-language-for-alternatives="fr" data-language-to-translate-into="en" data-phrase-index="3">On y retrouve également du miel de leurs ruches.</span> <span class="JLqJ4b ChMk0b" data-language-for-alternatives="fr" data-language-to-translate-into="en" data-phrase-index="4">Le Parlementaire est reconnu par le programme «Aliments du Québec au menu» pour son engagement envers les mets du terroir.</span> <span class="JLqJ4b ChMk0b" data-language-for-alternatives="fr" data-language-to-translate-into="en" data-phrase-index="5">C’est un incontournable lors de votre séjour au Manoir d’Auteuil.</span></span></p>
<p>[/vc_column_text][vc_empty_space height= »62px »][/vc_column_inner][/vc_row_inner][/vc_column][/vc_row]</p></div>

<p>[vc_row css_animation= » » row_type= »row » use_row_as_full_screen_section= »no » type= »full_width » angled_section= »no » text_align= »left » background_image_as_pattern= »without_pattern » css= ».vc_custom_1601511118262{margin-top: -20px !important;background-image: url(https://manoirdauteuil.com/wp-content/uploads/2018/01/background-lines.png?id=104) !important;} » z_index= » »][vc_column][vc_row_inner row_type= »row » type= »grid » text_align= »left » css_animation= » »][vc_column_inner][vc_column_text css= ».vc_custom_1615356722254{padding-top: 50px !important;padding-bottom: 30px !important;} »] LA COLLINE PARLEMERNTAIRE QUÉBEC [/vc_column_text][vc_single_image image= »1859&Prime; img_size= »full » alignment= »center » qode_css_animation= » »][vc_column_text css= ».vc_custom_1615357279843{padding-top: 30px !important;} »]Bienvenue à la Capitale Nationale! La ville de Québec est la&#8230;</p>
